.
26
Suppose 5*k - 4*q - 19 = 0, -4*q - 5 - 2 = -k. Let a(p) = -6 + 123*p**k + 5 - 125*p**3. Determine a(-2).
15
Suppose 0 = 3*j - 3, 7 = -4*n + 3*j + 12. Let i(t) be the third derivative of -t**2 - 1/120*t**6 + 1/24*t**4 + 0*t + 1/3*t**3 + 0 + 1/60*t**5. Calculate i(n).
0
Let c(b) = 2*b**3 - 4*b**3 - 51 - 53 - 61*b + 105 + 63*b. Calculate c(-1).
1
Let c(b) = b**2 - 75*b + 18. Let v(l) = 4*l**2 - 384*l + 92. Let a(h) = 11*c(h) - 2*v(h). Calculate a(19).
14
Let g = -83 + 85. Suppose -3*v = -g*s + 14, -5*s - 16 = 4*v - 5. Let f(h) = h - 3. Give f(v).
-7
Let w(b) = b**3 + 32*b**2 + 86*b - 26. Let l be w(-29). Let s(h) = -5*h**3 - h + 5*h**2 + 6 - 3*h**3 + 17*h**l + 8*h - 10*h**3. Calculate s(6).
12
Let t(a) = a - 2. Suppose -10 = 5*s, -2*x = -5*s + 415 - 123. Let p = -145 - x. Give t(p).
4
Let x(y) be the third derivative of -y**6/120 - y**5/15 + y**4/6 - y**2. Suppose 67 - 79 = -4*s. Suppose 5*f + 3*n = -12 - 10, -s*f - 5*n - 10 = 0. Give x(f).
5
Let j(z) be the second derivative of z**5/10 + z**4/12 - z**3/3 + z**2 + 1996*z. Give j(-3).
-37
Let k(y) = -3*y - 85. Let o(m) = m**2 + 69*m + 1141. Let l be o(-39). Give k(l).
2
Let y(m) = 2*m**2 - 24*m - 127. Let q be y(-4). Let r(i) = i**3 - i**2 - 9*i + 9. Determine r(q).
0
Let b(z) = -2*z**2 + 6*z + 105. Let j = 20658 + -20664. Give b(j).
-3
Let o = -512 - -519. Let k(c) = c**3 - 6*c**2 + 6*c - 4. Calculate k(o).
87
Let y = -736499 - -736504. Let b(x) be the second derivative of -x**5/20 + x**4/4 + 7*x**3/6 - 7*x**2/2 - x. Give b(y).
-22
Let j(d) = 0 - 57901*d - 5 - d**2 + 4 + 57913*d. Let s = -21 + 33. Give j(s).
-1
Let p(n) = -n**2 + 37*n - 338. Let z be p(20). Let u(k) = 6*k. Give u(z).
12
Let x(w) = -3*w - 4. Suppose -f + 3*f = 4. Suppose -2*g - f = -12. What is x(g)?
-19
Let n(d) = 4*d**2 - 4*d - 1. Let v(m) = -3*m**2 + 4*m + 2. Let b = 114 - 111. Let x(h) = b*v(h) + 2*n(h). Calculate x(5).
-1
Let u(k) be the first derivative of -k**4/4 - k**3 - k**2 - 3*k - 1852. Determine u(-2).
-3
Let r be -14 + 23 - (0 - 4). Let o be r/(-26) + 9/2. Let f be o/12 + (-28)/(-6). Let p(x) = -x**3 + 6*x**2 - 5*x + 7. Determine p(f).
7
Let y(q) be the second derivative of -q**4/12 + q**3/3 + q**2 + 3*q. Let p be (76/95)/(1 - 7/5). Let l be (-21)/7*(8/3 + p). Give y(l).
-6
Let h be (-1250)/(-1500) + (-1 - 8/(-6)). Let b(x) be the second derivative of -2*x**2 - h*x**3 + 1/3*x**4 + 1/20*x**5 + 8*x + 0. Calculate b(-5).
6
Let u = 8865 - 8884. Let v(i) = -i**2 - 19*i - 34. Calculate v(u).
-34
Let i(d) = 16956 + d**2 + 28*d - 19*d - 16931. Determine i(-12).
61
Let u(r) = -r**2 + 14*r - 17. Suppose -25*x + 6325 = -2*x. Let d = 288 - x. Give u(d).
-4
Let d(o) = -o**3 + o**2 - 1. Let i(c) = 5*c**3 - 10*c**2 + 7. Let t(m) = -6*d(m) - i(m). Let j(q) = q**2 + 57*q + 569. Let l be j(-44). What is t(l)?
8
Let k(b) = -10*b**2 - 19*b - 112. Let i(v) = -2*v**2 + v + 2. Let z(a) = -4*i(a) + k(a). Let t(o) be the first derivative of z(o). Give t(-5).
-3
Let x(d) = d**2 + 3*d - 4. Let q be ((-5)/(-3))/(40/48). Suppose -6 - 3 = -q*l - y, -4*l + 2*y = -22. Suppose -5*a = -u + 20, a + u - 15 = l*a. Calculate x(a).
6
Let v = 1534 + -1532. Let w(t) = -4*t**v + t**3 - 367*t + 2 + 181*t + 181*t. Suppose y - 6 = -1. Determine w(y).
2
Suppose 86*h - 4 = 2*o + 85*h, 0 = 2*o + 3*h - 28. Let q(l) = -2*l - l - 2 - 6*l**2 + 4*l. Give q(o).
-24
Let j be (-12)/(-9)*14/28*6. Let p(b) be the third derivative of b**4/24 - b**3/6 - 2*b**2. Determine p(j).
3
Let i(v) = -v**2 - 4*v - 11. Suppose -63*y - 42 = -56*y, 4*y = -4*a - 44. What is i(a)?
-16
Let s(r) = 19*r**2 + 87*r - 339. Let t(u) = -8*u**2 - 34*u + 135. Let v(y) = -7*s(y) - 17*t(y). Calculate v(5).
-2
Let y(r) = -r**2 - 11*r - 30. Let f be y(-6). Suppose b + 3*b - 1000 = f. Let s(k) = -b - k - 6*k + 243 + 3*k**2 - 2*k**2. Give s(7).
-7
Let h(u) = 11*u**3 + 8*u**2 - 6*u - 13. Let p(z) = -8 - 6 - 9 + 17 - 3*z + 4*z**2 + 5*z**3. Let i(s) = 6*h(s) - 13*p(s). Let n be 25/10 - 1/(-2). What is i(n)?
0
Let v(o) = 451*o + 885. Let c be v(-2). Let g(j) = -j - 26. Calculate g(c).
-9
Suppose 27 = -3*y - 39. Let v = y - -16. Let o(j) = 5*j - 5. Let q(s) = -2*s + 1. Let l(d) = -3*o(d) - 7*q(d). Determine l(v).
14
Let v(c) = 19*c**2 - c. Let i be (-10 + 4)*(-16)/(-6) + -3. Let p = 21 + i. Suppose p*a = -y + 3, 0 = -a - a + 3*y - 1. Give v(a).
18
Suppose 8 = 2*q, 2*q + 118 = 5*g + 4*q. Suppose 0 = -3*p - 4*b - g + 2, -3*b - 14 = 2*p. Let x(w) = -2 + 0 + 0 - 1 - 12104*w + 12102*w. Calculate x(p).
5
Let s(k) = -k**3 - 4*k**2 + 3. Let f be ((-6)/(-10))/((-3)/(-90)). Let p = -18 + f. Suppose 3*o + 3*d - 4 + 16 = p, -2*o + 5*d - 1 = 0. Give s(o).
-6
Let y = 8 + -14. Let x(c) be the second derivative of -c**5/20 - 5*c**4/12 + c**3 - 1943*c + 3. What is x(y)?
0
Let t(s) = -2*s + 4 + 3*s - 1. Let k be 14/(-3)*((-169)/8619 - (-465)/306). What is t(k)?
-4
Let t(i) = -i**3 + i**2 + 84. Suppose 44*r = 96*r + 46*r. What is t(r)?
84
Let j = -16338 - -16336. Let i(c) = -3*c - 17. Determine i(j).
-11
Let y(c) = c**3 - 2*c**2 - 15*c + 36. Let o be y(-4). Let u(v) = 22 - 2*v - 2*v + 5*v + v**2. Give u(o).
22
Let a(x) = 2 - 36*x + 129*x - 30*x - 31*x - 27*x. Let s(y) = y**3 - y + 4. Let w be s(0). Give a(w).
22
Let y = -166 + 301. Let k = y - 121. Let r(p) = p**3 - 15*p**2 + 13*p + 10. Determine r(k).
-4
Let j(m) = m + 3*m - 5*m - 8. Let s be (10 + -7)/(-6 + 10 - (-13)/(-3)). Give j(s).
1
Let s(h) be the second derivative of 4*h + h**3 + 1 + 5/2*h**2. Calculate s(-4).
-19
Let b be (47/(-329))/((-86)/42 + 2). Let m(o) = -11*o + 34. Calculate m(b).
1
Let g(m) = 2*m**3 - 4*m**2 + 3*m. Suppose 0 = -13*a + 65 - 0. Let h(l) = 27*l - 133. Let f be h(a). Determine g(f).
6
Let l = -1291 + 912. Let d = 385 + l. Let s(k) = k + 1. Let a(z) = -7*z + 8. Let h(m) = -a(m) - 6*s(m). What is h(d)?
-8
Let x(z) = -148*z**2 + 2*z + 110*z**2 - 30 + 40*z**2 - z**3. Calculate x(0).
-30
Let w(d) = -2*d + 90. Let a(y) = -5. Let s(b) = -4*a(b) - w(b). Give s(29).
-12
Let v = 85 - 45. Let r = v + -35. Let p(q) = -3*q**2 - r*q**2 - q**2 + 6*q**2 + 3*q. Calculate p(2).
-6
Suppose 33*z - 34*z = -4*k + 25, -3*k = -18. Let n(s) = -6*s**3 + 2*s**2 - 1. Give n(z).
7
Suppose 2*b - 8 = -r, -3*r - 3*b + 14 = b. Let i(c) = 9*c**2 + 2*c + 29. Let w(d) = -8*d**2 - 2*d - 25. Let v(o) = 6*i(o) + 7*w(o). What is v(r)?
-5
Let z(b) = -8*b + 17. Let g(a) = 5*a - 29. Let m(y) = 3*g(y) + 4*z(y). Give m(-6).
83
Let y(d) = -3*d - 207. Let f be y(-54). Let r(w) = w**3 + 45*w**2 + 3*w + 137. What is r(f)?
2
Let m(s) = s**3 + 3*s**2 - 4*s - 5. Let l(f) = -5*f**2 - 12 + 0 + 12*f + 6 + 11. Let b be l(3). Determine m(b).
-5
Let p(w) be the first derivative of -w**4/4 + 7*w**3 + 10*w**2 - 16*w - 8075. Calculate p(22).
-60
Suppose 39*j - 45*j = -6. Let f(v) = 23*v - 39*v - 3 + 16 + 14*v + j. What is f(10)?
-6
Let w = 4504 + -4506. Let r(z) = -4*z**3 + 6*z**2 + 3*z + 2. Let q(c) = 5*c**3 - 7*c**2 - 4*c - 3. Let i(n) = 5*q(n) + 6*r(n). What is i(w)?
-3
Let x(y) = 54 + 59 + 55 - 2*y - 167. Let p be (-24)/60 + (-47)/(-5). Let z = 13 - p. Calculate x(z).
-7
Let p(z) = -24*z**3 + 40*z**2 - 23*z - 6. Let l(i) = -17*i**3 + 29*i**2 - 17*i - 4. Let c(j) = 7*l(j) - 5*p(j). Suppose v = 2*v - 3. Determine c(v).
44
Let t(m) = m**2 - m - 8. Let r(q) be the second derivative of q**3/3 - 7*q**2 - 18*q. Let z be r(8). Suppose 0 = i + 2*i + 2*v - 8, -8 = i - z*v. Give t(i).
-8
Suppose 111*r = 116*r - 60. Let u(j) = 176*j + r + 171*j - 343*j. Determine u(-6).
-12
Let i(l) = -22*l - 248. Let z(y) = -25*y - 248. Let s(k) = -13*i(k) + 12*z(k). Give s(18).
-4
Suppose 57*o - 64 = 27 + 80. Let u(a) be the first derivative of a**4/4 - a**3 - a**2 + 2*a - 13. What is u(o)?
-4
Let c(w) be the second derivative of w**2 - 1/6*w**3 + 109*w + 0. What is c(12)?
-10
Suppose 11*z - 15*z - m + 29 = 0, 0 = -3*z + 5*m + 62. Let o(w) = -2*w**2 + 15*w + 15. Determine o(z).
-12
Let k(p) = p**2 - 1245 + 2452 - 184*p - 1236 + 4*p**2. What is k(37)?
8
Let z(k) = k**2 - 5. Let b = -69 - -74. Let a = -13 - -18. Suppose u = b - a. Determine z(u).
-5
Let o(p) be the first derivative of 1/4*p**4 + 4*p**2 + 147 - 4*p + 7/3*p**3. Give o(-6).
-16
Let d(r) = 2*r - 27. Let v(b) = -b**3 + 7*b**2 - 105*b + 748. Let c be v(7). Give d(c).
-1
Let k(g) = -319*g + 114. Let b(j) = -138*j + 57. Let w(d) = -7*b(d) + 3*k(d). Give w(6).
-3
Let 